j - 76 = 0, -2*w + 3*w - y = 3*j. List the prime factors of w.
17
Suppose 2*j + 1 = p + 3, 0 = 2*j - 3*p + 2. Suppose j*w = 6 + 4. Suppose -w*k + 4 = -26. List the prime factors of k.
2, 3
Let i be 18*(-1 + (0 - 0)). List the prime factors of (i/(-4))/(3/8).
2, 3
Suppose -2*y - 4 - 2 = 0. Let b be (-8)/y*(-3)/(-2). Suppose 9*d = b*d + 15. What are the prime factors of d?
3
What are the prime factors of (3 - (10 + -4)) + (-1 - -307)?
3, 101
Let c(a) = -a**3 + 5*a**2 + 2*a - 3. Let b be c(5). Suppose 3*d - b = 2*d. What are the prime factors of d?
7
Let c(z) = 4 - 3 - z**3 + z - 5*z**2 + 6. Let p be c(-5). List the prime factors of -9*(4/p - 3).
3
Suppose 1818 = -a + 7*a. List the prime factors of a.
3, 101
Let v(x) = x**3 + x**2 - x + 27. Let y be v(0). List the prime factors of (-2)/(-6) - (-153)/y.
2, 3
Let q(b) = 10*b**2 + 16*b + 4. List the prime factors of q(-4).
2, 5
Let c = -88 - -105. List the prime factors of c.
17
Suppose -6*q = -7*q + 70. List the prime factors of q.
2, 5, 7
Let c be (-4)/18 + (-2)/(-9). Suppose x - 2*l - 2 = -x, -2*x + 3*l = c. Suppose 3*p - 32 = 5*f, p - 6 = -0*f - x*f. What are the prime factors of p?
3
Let s(x) be the second derivative of -x**4/8 - 7*x**3/6 - x**2/2 - x. Let d(a) be the first derivative of s(a). List the prime factors of d(-5).
2
Let n be 11 - (3/3 + -1). Let u = n + -5. List the prime factors of (1 + (-3)/u)*26.
13
Suppose 38 = 3*m - 4*w, 4*m - 2*w = 3*w + 49. Let c = -3 + m. Suppose 5*k = -z - 21 + 9, 0 = -c*z + k + 44. What are the prime factors of z?
13
Let n(g) = -g**2 - 2*g. Let s be n(-2). Suppose s - 6 = -2*x, 2*x = -z + 10. List the prime factors of z.
2
Suppose 2*m + 329 = -927. What are the prime factors of m/(-26) + 12/(-78)?
2, 3
Suppose 3*o = -3*y + 12, -o + 20 - 6 = 3*y. List the prime factors of y.
5
Let g(n) = -2*n - 2. Let r be g(-6). Let s = -7 + r. What are the prime factors of s?
3
Suppose -5*l + 2*o + 78 = 0, 54 + 23 = 5*l - 3*o. What are the prime factors of l?
2
Suppose 0*t + 36 = -2*s + 2*t, 4 = -2*t. What are the prime factors of (-15)/(-1)*(-8)/s?
2, 3
Suppose 5*v - 6*v = -12. List the prime factors of v.
2, 3
Let d = 150 + -68. Suppose p + 5*c - 5 - 21 = 0, 5*p + c = d. List the prime factors of p.
2
Let h(p) = p**3 + 6*p**2 - 4*p + 10. What are the prime factors of h(-5)?
5, 11
Suppose -b + 2*n = -14 + 2, -b - 5*n = 16. Suppose -b*p + 8 + 0 = 0. Suppose p*l + 2*l = 40. List the prime factors of l.
2, 5
Let y(l) = 3*l**3 - 2*l**2 - 3*l + 2. Let g be y(2). Suppose -4*z + 32 = -g. List the prime factors of z.
11
Let a(h) = -h**3 + 5*h**2 + 7*h - 4. Let f be a(6). Suppose 4*j = b + 201, -j + 3*j - 108 = -f*b. Suppose 2*n = -n + j. List the prime factors of n.
17
List the prime factors of 125/(-4 - (2 + -7)).
5
Suppose -4*h - h + 55 = 0. Let j = -7 + h. Suppose j*u - g - 7 = 1, -5*u - 2*g + 10 = 0. List the prime factors of u.
2
Let i be ((-2)/4)/(2/24). Let s(x) = 8 - 5*x + 4*x + 2*x. What are the prime factors of s(i)?
2
Let s(a) = a**3 - a - 1. Let r be s(0). Let t(h) = 6*h**3 - h**2 - 2*h - 1. Let b be t(r). Let l = b + 13. List the prime factors of l.
7
Let h = 231 - 151. Suppose n - 18 = -4*c + 34, 2*n + 2*c - h = 0. List the prime factors of n.
2, 3
Suppose 10 = -2*k - 0*o - 2*o, -3*o + 13 = -4*k. Suppose j = 5*b + 5, -6*j + 3*b = -j - 47. Let t = k + j. What are the prime factors of t?
2, 3
Let b(u) = -u**2 + 2*u + 3. Let m be b(3). Suppose m*y - y - 15 = -5*z, 2*z - 3*y - 19 = 0. Suppose 0 = 3*s - z*s - 6. What are the prime factors of s?
2, 3
Suppose 5*v - 4*v - 5*n = -15, 12 = v + 4*n. Suppose 4*p - 2*w + 10 = 0, 0 = 4*w - v*w - 12. What are the prime factors of -3*(1/(-3) + p)?
2
What are the prime factors of 38/(-6*3/(-27))?
3, 19
Let k be (-10)/6 + 6/9. Let a be (-3)/(3/k)*0. Suppose q - 10 - 1 = a. List the prime factors of q.
11
Suppose 5*c - 5 = 10. Suppose -2*z + 3 = -c. What are the prime factors of z?
3
Let y = 8 + -5. Suppose -y*b = -0*b - 60. What are the prime factors of b?
2, 5
Suppose 0 = -2*j + 48 + 12. What are the prime factors of j?
2, 3, 5
What are the prime factors of (15/(-3))/(3/(-63))?
3, 5, 7
Let g(w) = w**2 + 7*w - 5. Let l be g(-8). Suppose -6*v = -l*v - 51. List the prime factors of v.
17
Let l(y) = -y**2 + 12*y + 14. What are the prime factors of l(10)?
2, 17
Let h = 1 - -44. What are the prime factors of h?
3, 5
Let w = 35 + -15. List the prime factors of w.
2, 5
Suppose 0 = 3*u - 4*r - 352, 2*u + 2*r = -0*r + 244. What are the prime factors of u?
2, 3, 5
Let g(y) = 9*y - 1. Let i(m) = 19*m - 2. Let q(u) = -5*g(u) + 2*i(u). Let c be q(3). Let w = c - -28. What are the prime factors of w?
2
Let r = -37 - -80. What are the prime factors of r?
43
Let t = 24 + -37. Let s = t - -23. Suppose -y + s = 2. What are the prime factors of y?
2
Suppose -5*j = -j. Let c be 2*(j/(-1) + -1). List the prime factors of (c/(-4))/((-4)/(-56)).
7
Let s(q) = -76*q + 1. Let u be s(-1). What are the prime factors of u/33 - 1/3?
2
Let k(a) = 7*a**3 + a**2 + a + 1. Let d be k(-2). Let r = -24 - d. List the prime factors of r.
29
Let a = -41 - -60. What are the prime factors of a?
19
Let u(r) = -28*r - 13. List the prime factors of u(-3).
71
Let b = 248 + 60. List the prime factors of b.
2, 7, 11
Let y(l) = -3*l - 10. What are the prime factors of y(-17)?
41
Suppose -4*j = -3*j - 35. What are the prime factors of j?
5, 7
Let c(t) = -t**2 + 11*t - 3. Suppose -5*i - 72 = -12. Let u be (i/9)/2*-15. List the prime factors of c(u).
7
Let d(q) = 4*q**3 + 3*q**2 + q + 4. Let f(h) = 5*h**3 + 3*h**2 + 5. Suppose 3 = 5*m - 12. Let v(p) = m*f(p) - 4*d(p). What are the prime factors of v(-3)?
11
Let w(i) = i**3 + 3*i**2 + 2*i + 2. Let q be w(-4). Let p = -16 - q. What are the prime factors of p?
2, 3
Let q be (-2)/(-4) + (-35)/(-10). Suppose -3*n - q*x = -x - 129, 4*n - 176 = -2*x. What are the prime factors of n?
3, 5
Let w(f) = f**3 - 4*f**2 + f - 1. What are the prime factors of w(4)?
3
Suppose -5*b - 205 = -795. List the prime factors of b.
2, 59
Let p be (16/(-10))/((-8)/60). Let x = 37 - p. What are the prime factors of x?
5
Let m = 344 - 105. List the prime factors of m.
239
Let r = -2 + 6. What are the prime factors of r + -4 - (-2 + 0)?
2
Suppose -3*i = 2*i - 305. List the prime factors of i.
61
Let i = 156 + -354. List the prime factors of (1*-2)/(12/i).
3, 11
Suppose 0 + 3 = -h + 4*l, -h = -5*l + 5. Suppose 6*v - v = h. List the prime factors of v/(3 + -5)*-38.
19
Let i(b) = -7*b**2 + 31*b - 37. Let h(s) = -10*s**2 + 46*s - 55. Let n(q) = 5*h(q) - 7*i(q). List the prime factors of n(11).
2, 3
Let o = -9 - 48. Let b = -41 - o. List the prime factors of b.
2
Let t(n) = n + 13. Let v be t(-11). Suppose -v*p + 4*p = 32. List the prime factors of p.
2
Suppose 5*i - 353 = 632. List the prime factors of i.
197
Let i(m) = -m**2 - 6*m + 4. Suppose 5*o = 2*o. Suppose -3*v = -o*v + 9. List the prime factors of i(v).
13
Let r = 4 - 0. Suppose o - u - 2 = -6*u, r*u = 0. Suppose 3*y - 17 = -m - 0, 4*m - 38 = -o*y. List the prime factors of m.
2
Let i be ((-12)/10)/((-3)/30). Let b be 15/9*3 + -2. Suppose -5*h + i = -b*h. List the prime factors of h.
2, 3
Suppose 0 = 2*m - 2*y - 10, 3*y + 11 - 2 = m. What are the prime factors of -6*(-2 + 5/m)?
2
Suppose -2*u + 0*u - 10 = -x, -3*x + 21 = -3*u. Suppose x*n - 5 = 15. Suppose 3*j - n = 2*j. What are the prime factors of j?
5
Suppose -q + 2*v = v, -2*q = 4*v - 12. Suppose -3*b - 5*p = 8 + 6, p = -q*b. Suppose 11 + 0 = 2*f - j, -b*f + 2*j = -12. List the prime factors of f.
5
Let z(t) = -t**2 + 11*t - 7. Let j(v) = 3*v + 3. Let s be j(-4). Let w = 18 + s. List the prime factors of z(w).
11
Let p = -2 - -5. List the prime factors of (-3 - -1) + p + 13.
2, 7
Let k(z) = z - 2. Let b be k(6). Suppose a = -b*a + 70. Suppose o = -o + a. List the prime factors of o.
7
List the prime factors of 154/28*(-4)/(-1).
2, 11
Let v(m) = 4*m - 10. Let a(h) = -2*h - 8. Let i be a(-8). List the prime factors of v(i).
2, 11
Let f = 9 + -4. Suppose 3*g = 3 + 6, 2*j = -f*g + 23. Suppose 7 + 14 = j*l - 5*b, 0 = l - b - 5. What are the prime factors of l?
2
Let v be (-18)/4*(-4)/6. What are the prime factors of 30/(-2 - -6 - v)?
2, 3, 5
Suppose 3*m + 4 = 13, -5*i + 3*m = -191. List the prime factors of i - (1 - (1 + -1)).
3, 13
Let i(z) = -z**3 + 1.